{"id":12,"date":"2015-01-08T13:05:29","date_gmt":"2015-01-08T13:05:29","guid":{"rendered":"http:\/\/pczk.powiatwlodawski.pl\/?page_id=12"},"modified":"2025-12-18T09:41:47","modified_gmt":"2025-12-18T09:41:47","slug":"poradniki","status":"publish","type":"page","link":"http:\/\/pczk.powiatwlodawski.pl\/?page_id=12","title":{"rendered":"Zasady post\u0119powania i Poradniki"},"content":{"rendered":"<h6 style=\"text-align: left;\">\u00a0 \u00a0 \u00a0 \u00a0 \u00a0 \u00a0<span style=\"color: #000000;\"><a style=\"color: #000000;\" href=\"https:\/\/www.gov.pl\/web\/poradnikbezpieczenstwa\">Poradniki bezpiecznych zachowa\u0144 &#8211; Rz\u0105dowe Centrum Bezpiecze\u0144stwa<\/a><\/span><\/h6>\n<h6 style=\"text-align: left; padding-left: 30px;\"><span style=\"color: #000000;\"><a style=\"color: #000000;\" href=\"http:\/\/pczk.powiatwlodawski.pl\/?attachment_id=112\" rel=\"attachment wp-att-112\">RESUSCYTACJA KR\u0104\u017bENIOWO \u2013 ODDECHOWA<\/a><\/span><\/h6>\n<h6 style=\"text-align: left; padding-left: 30px;\"><em><strong><span style=\"color: #000000;\"><a style=\"color: #000000;\" href=\"http:\/\/pczk.powiatwlodawski.pl\/wp-content\/uploads\/2020\/01\/schemat-post\u0119powania-organ\u00f3w-administracji-publicznej-inspekcji-s\u0142uzb-i-stra\u017cy-przy-zwalczaniu-ptasiej-grypy.pdf\" rel=\"attachment wp-att-114\">Schemat post\u0119powania przy zwalczaniu ptasiej grypy<\/a><\/span><\/strong><\/em><\/h6>\n<h6 style=\"text-align: left; padding-left: 30px;\"><em><strong><span style=\"color: #000000;\"><a style=\"color: #000000;\" href=\"http:\/\/pczk.powiatwlodawski.pl\/wp-content\/uploads\/2025\/12\/Tabela-OC.jpeg\" rel=\"attachment wp-att-114\">Alarmy<\/a><\/span><\/strong><\/em><\/h6>\n<h6 style=\"text-align: left; padding-left: 30px;\"><strong><em><span style=\"color: #000000;\"><a style=\"color: #000000;\" href=\"http:\/\/pczk.powiatwlodawski.pl\/?attachment_id=79\" rel=\"attachment wp-att-79\">Terroryzm<\/a><\/span><\/em><\/strong><\/h6>\n<h6 style=\"text-align: left; padding-left: 30px;\"><strong><em><span style=\"color: #000000;\"><a style=\"color: #000000;\" href=\"http:\/\/pczk.powiatwlodawski.pl\/wp-content\/uploads\/2015\/01\/czad.pdf\">Czad<\/a><\/span><\/em><\/strong><\/h6>\n<h6 style=\"text-align: left; padding-left: 30px;\"><strong><em><span style=\"color: #000000;\"><a style=\"color: #000000;\" href=\"http:\/\/pczk.powiatwlodawski.pl\/wp-content\/uploads\/2015\/01\/jesien-zima.pdf\">Jesie\u0144-zima<\/a><\/span><\/em><\/strong><\/h6>\n<h6 style=\"text-align: left; padding-left: 30px;\"><strong><em><span style=\"color: #000000;\"><a style=\"color: #000000;\" href=\"http:\/\/pczk.powiatwlodawski.pl\/wp-content\/uploads\/2015\/01\/zima.pdf\">Zima<\/a><\/span><\/em><\/strong><\/h6>\n<h6 style=\"text-align: left; padding-left: 30px;\"><strong><em><span style=\"color: #000000;\"><a style=\"color: #000000;\" href=\"http:\/\/pczk.powiatwlodawski.pl\/wp-content\/uploads\/2015\/01\/wichury.pdf\">Wichury<\/a><\/span><\/em><\/strong><\/h6>\n<h6 style=\"text-align: left; padding-left: 30px;\"><strong><em><span style=\"color: #000000;\"><a style=\"color: #000000;\" href=\"http:\/\/pczk.powiatwlodawski.pl\/?attachment_id=61\" rel=\"attachment wp-att-61\">Po powodzi<\/a><\/span><\/em><\/strong><\/h6>\n<h6 style=\"text-align: left; padding-left: 30px;\"><strong><em><span style=\"color: #000000;\"><a style=\"color: #000000;\" href=\"http:\/\/pczk.powiatwlodawski.pl\/wp-content\/uploads\/2015\/01\/burze.pdf\">Burze<\/a><\/span><\/em><\/strong><\/h6>\n<h6 style=\"text-align: left; padding-left: 30px;\"><strong><em><span style=\"color: #000000;\"> <a style=\"color: #000000;\" href=\"http:\/\/pczk.powiatwlodawski.pl\/?attachment_id=68\" rel=\"attachment wp-att-68\">Upa\u0142<\/a><\/span><\/em><\/strong><\/h6>\n","protected":false},"excerpt":{"rendered":"<p>\u00a0 \u00a0 \u00a0 \u00a0 \u00a0 \u00a0Poradniki bezpiecznych zachowa\u0144 &#8211; Rz\u0105dowe Centrum Bezpiecze\u0144stwa RESUSCYTACJA KR\u0104\u017bENIOWO \u2013 ODDECHOWA Schemat post\u0119powania przy zwalczaniu ptasiej grypy Alarmy Terroryzm Czad Jesie\u0144-zima Zima Wichury Po powodzi Burze Upa\u0142<\/p>\n","protected":false},"author":1,"featured_media":0,"parent":2,"menu_order":0,"comment_status":"closed","ping_status":"open","template":"","meta":{"footnotes":""},"class_list":["post-12","page","type-page","status-publish","hentry"],"_links":{"self":[{"href":"http:\/\/pczk.powiatwlodawski.pl\/index.php?rest_route=\/wp\/v2\/pages\/12","targetHints":{"allow":["GET"]}}],"collection":[{"href":"http:\/\/pczk.powiatwlodawski.pl\/index.php?rest_route=\/wp\/v2\/pages"}],"about":[{"href":"http:\/\/pczk.powiatwlodawski.pl\/index.php?rest_route=\/wp\/v2\/types\/page"}],"author":[{"embeddable":true,"href":"http:\/\/pczk.powiatwlodawski.pl\/index.php?rest_route=\/wp\/v2\/users\/1"}],"replies":[{"embeddable":true,"href":"http:\/\/pczk.powiatwlodawski.pl\/index.php?rest_route=%2Fwp%2Fv2%2Fcomments&post=12"}],"version-history":[{"count":18,"href":"http:\/\/pczk.powiatwlodawski.pl\/index.php?rest_route=\/wp\/v2\/pages\/12\/revisions"}],"predecessor-version":[{"id":175,"href":"http:\/\/pczk.powiatwlodawski.pl\/index.php?rest_route=\/wp\/v2\/pages\/12\/revisions\/175"}],"up":[{"embeddable":true,"href":"http:\/\/pczk.powiatwlodawski.pl\/index.php?rest_route=\/wp\/v2\/pages\/2"}],"wp:attachment":[{"href":"http:\/\/pczk.powiatwlodawski.pl\/index.php?rest_route=%2Fwp%2Fv2%2Fmedia&parent=12"}],"curies":[{"name":"wp","href":"https:\/\/api.w.org\/{rel}","templated":true}]}}